{"id":11,"date":"2019-02-12T10:30:03","date_gmt":"2019-02-12T10:30:03","guid":{"rendered":"https:\/\/bremthaler.com\/index.php\/one-page-express\/"},"modified":"2026-03-20T15:58:00","modified_gmt":"2026-03-20T15:58:00","slug":"one-page-express","status":"publish","type":"page","link":"https:\/\/bremthaler.com\/","title":{"rendered":"Bremthaler Hydraulik Team GmbH"},"content":{"rendered":"<div  id=\"overlapable-2\" style=\"background-color: rgb(255, 255, 255); background-image: none;\" data-label=\"Overlapable\" data-id=\"stripped-coloured-icon-boxes\" data-category=\"overlapable\" class=\"features-coloured-icon-boxes-section\" data-overlap=\"true\" data-ovid=\"ovid-overlapable-2-2830\"> <div  class=\"gridContainer\"> <div  class=\"features-coloured-icon-boxes-innerrow flexbox-list dark-text\" data-type=\"row\"> <div  class=\"features-coloured-icon-boxes-featurecol cp4cols color3\"> <div  class=\"features-coloured-icon-boxes-iconcontainer\" data-content-item-container=\"true\"> <i  data-cp-fa=\"true\" class=\"features-coloured-icon fa fa-industry\"><\/i> <\/div> <h4  class=\"\">Herstellung<\/h4> <p  class=\"\">F\u00fchrungsringe und Buchsen werden aus einem speziell entwickelten duroplastischem Verbundwerkstoff aus Hartgewebe-Phenolharz und Polyestergewebe mit Epoxidharz hergestellt.<\/p>  <\/div> <div  class=\"features-coloured-icon-boxes-featurecol cp4cols color3\"> <div  class=\"features-coloured-icon-boxes-iconcontainer\" data-content-item-container=\"true\"> <i  data-cp-fa=\"true\" class=\"features-coloured-icon fa fa-euro\"><\/i> <\/div> <h4  class=\"\">Vertrieb<\/h4> <p  class=\"\">Da wir selber die Produkte herstellen, bieten wir Ihnen unsere Produkte zu kosteng\u00fcnstigen Konditionen an. <\/p>  <\/div> <div  class=\"features-coloured-icon-boxes-featurecol cp4cols color3\"> <div  class=\"features-coloured-icon-boxes-iconcontainer\" data-content-item-container=\"true\"> <i  data-cp-fa=\"true\" class=\"features-coloured-icon fa fa-bookmark-o\"><\/i> <\/div> <h4  class=\"\">&nbsp;Zertifikat ISO 9001:2015 <\/h4> <p  class=\"\">Wir haben f\u00fcr unsere Herstellung und f\u00fcr den Vertrieb die Zertifizierung nach ISO 9001:2015 <\/p>  <\/div> <div  class=\"features-coloured-icon-boxes-featurecol cp4cols color3\"> <div  class=\"features-coloured-icon-boxes-iconcontainer\" data-content-item-container=\"true\"> <i  data-cp-fa=\"true\" class=\"features-coloured-icon fa fa-comments\"><\/i> <\/div> <h4  class=\"\">Kundenservice<\/h4> <p  class=\"\">Wir sind f\u00fcr Sie da, denn ein fachgerechter Kundenservice ist&nbsp; genauso wichtig wie fachgerechte Produkte in hochwertiger Qualit\u00e4t.<\/p>  <\/div> <div  class=\"features-coloured-icon-boxes-featurecol cp4cols color3\"> <div  class=\"features-coloured-icon-boxes-iconcontainer\" data-content-item-container=\"true\"> <i  data-cp-fa=\"true\" class=\"features-coloured-icon fa fa-cogs\"><\/i> <\/div> <h4  class=\"\">Weiterentwicklung<\/h4> <p  class=\"\">&nbsp;Wir entwickeln unsere Produkte stetig weiter, damit Sie diese in hochwertiger Qualit\u00e4t nutzen k\u00f6nnen. <\/p>  <\/div><div  class=\"features-coloured-icon-boxes-featurecol cp4cols color3\"> <div  class=\"features-coloured-icon-boxes-iconcontainer\" data-content-item-container=\"true\"> <i  data-cp-fa=\"true\" class=\"features-coloured-icon fa fa-users\"><\/i> <\/div> <h4  class=\"\">Management<\/h4> <p  class=\"\">&nbsp;Dank unseres effizenten und schnellen Managements, stehen wir Ihnen jederzeit als Hersteller zur Seite.<\/p>  <\/div><\/div> <\/div><\/div><div  data-label=\"Unternehmen\" data-id=\"content-full-left-image-section\" data-category=\"content\" class=\"content-full-left-image-section\" id=\"unternehmen\" style=\"background-color: rgb(255, 255, 255);\"> <div  class=\"content-full-left-image-innerrow\"> <div  data-bg=\"image\" class=\"content-full-left-image-imgcol\" style=\"background-image: url(&quot;https:\/\/bremthaler.com\/wp-content\/uploads\/2019\/03\/ringe.jpg&quot;);\"><\/div> <div  class=\"content-full-left-image-textcol dynamic-color\"> <div  data-type=\"column\" class=\"\">  <h2  class=\"\">Unternehmen<\/h2> <p  class=\"\">Der Grundstein f\u00fcr den sp\u00e4teren Erfolg wurde 1980 gelegt. Damals unter anderem Namen, hatte sich das Unternehmen schnell einen Ruf f\u00fcr seine qualitativ hochwertigen Produkte und seine Innovativen L\u00f6sungen gemacht.<\/p> <p  class=\"\">In den Folgejahren wurde die Firma auch international erfolgreich. Um den ge\u00e4nderten Anforderungen und der neuen, internationalen Ausrichtung gerecht zu werden, wurden Name und Firmierung 1990 in Bremthaler Hydraulik Team GmbH ge\u00e4ndert.<\/p><p  class=\"\">2016 \u00fcbernahmen Hanna Radomska und Jan Radomski die Gesch\u00e4ftsf\u00fchrung der Bremthaler Hydraulik Team GmbH.&nbsp;Seit dem 1. M\u00e4rz 2026 liegt die Verantwortung f\u00fcr das Unternehmen und die an unsere Kunden gelieferten Produkte bei Andrzej und Anna Trela.&nbsp;Mittlerweile am Weltmarkt etabliert und bekannt als Hersteller von hochwertigen F\u00fchrungsringen und Lagerbuchsen.<\/p><p  class=\"\">Der internationale aber auch der heimische Markt ver\u00e4ndert sich kontinuierlich. Neue Verfahren bieten stets neue Herausforderungen f\u00fcr Material und Hersteller. Die Bremthaler Hydraulik Team GmbH erneuert ihren Maschinenpark daher st\u00e4ndig, um weiterhin innovative L\u00f6sungen anbieten zu k\u00f6nnen.<br >\nHerzst\u00fcck des aktuellen Betriebs ist die CNC Drehmaschine, die Produkte exakt nach den Bed\u00fcrfnissen der Kunden anfertigen kann.<\/p><p  class=\"\">Jan Radomski bringt das auf die Formel:<br >\n\u201eImmer nach vorne schauen, niemals zur\u00fcck!\u201c<\/p><\/div> <div  class=\"content-full-left-image-featuresrow\"> <div  class=\"content-full-left-image-featurescol\" data-type=\"column\"><p  class=\"\"><\/p>     <\/div> <div  class=\"content-full-left-image-featurescol\" data-type=\"column\"><p  class=\"\"><\/p>     <\/div> <\/div> <\/div> <\/div><\/div><div  id=\"cta-1\" data-label=\"Call to action\" data-id=\"cta-blue-section\" data-category=\"cta\" class=\"cta-blue-section dark-text-section content-relative\" style=\"background-size: cover; background-position: center top; background-image: none; background-color: rgba(255, 255, 255, 0);\" data-ovid=\"ovid-cta-1-2784\"> <div  class=\"gridContainer\"> <div  class=\"flexbox-list flexbox-list-align-center row\"> <div  class=\"cta-blue-textcol dynamic-color\"> <h2  class=\"cta-blue-text\"> <b  class=\"element2\">Gemeinsame Projekte<\/b><\/h2> <\/div> <div  class=\"cta-blue-btncol\"> <a  class=\"button big color3 dark-text\" href=\"https:\/\/bremthaler.com\/#kontakt\" target=\"_self\" data-icon=\"\" rel=\"noopener noreferrer\"> Jetzt Anfragen <\/a> <\/div> <\/div> <\/div> <\/div><div  data-label=\"Produkte\" data-id=\"about-four-boxes-section\" data-category=\"about\" class=\"about-four-boxes-section\" id=\"produkte\" style=\"background-color: rgb(246, 246, 246);\"> <div  class=\"gridContainer\"> <div  class=\"about-four-boxes-innerrow flexbox-list\"> <div  class=\"about-four-boxes-imgcol\" data-bg=\"image\" style=\"background-image: url(&quot;https:\/\/bremthaler.com\/wp-content\/uploads\/2019\/03\/ringe.jpg&quot;);\"><\/div> <div  class=\"about-four-boxes-textcol\" data-type=\"column\"> <h6  class=\"\">Herstellung\n<\/h6> <h4  class=\"\"><\/h4><h4  class=\"\">&nbsp;F\u00fchrungsringe &amp; Lagerbuchsen<\/h4> <p  class=\"\">Unsere Produkte finden Anwendung in der Automobilindustrie, Bauindustrie, im Bergbau sowie in allen Industriezweigen die Maschinen mit hydraulischen Zylindern verwenden.    <\/p> <\/div> <div  class=\"about-four-boxes-textcol\" data-type=\"column\"> <h6  class=\"\">Hochwertige Qualti\u00e4t<\/h6><h4  class=\"\">&nbsp;F\u00fchrungsringe &amp; Lagerbuchsen<\/h4>  <p  class=\"\">Wir produzieren speziell f\u00fcr Sie Produkte aus hochfesten und langlebigen Materialien. \nDie hochwertige Qualit\u00e4t unserer Produkte \nwird seit \u00fcber 29 Jahren von \nJan Radomski pers\u00f6nlich kontrolliert. <\/p> <\/div> <div  class=\"about-four-boxes-imgcol2\" data-bg=\"image\" style=\"background-image: url(&quot;https:\/\/bremthaler.com\/wp-content\/uploads\/2019\/02\/cropped-testbildringe-3.jpg&quot;);\"><\/div> <\/div> <\/div><\/div><div  id=\"numbers\" data-label=\"Numbers\" data-id=\"numbers-section\" data-category=\"numbers\" data-bg=\"transparent\" class=\"numbers-section white-text-section\" data-parallax-depth=\"20\" style=\"background-image: none; background-color: rgba(0, 0, 0, 0);\" data-ovid=\"ovid-numbers-2840\"> <div  class=\"gridContainer dynamic-color\"> <div  class=\"numbers-itemcol\"> <h2  class=\"numbers-numbertext\">Zertifizierte<\/h2> <h3  class=\"numbers-titletext\">Herstellung<\/h3> <\/div> <div  class=\"numbers-itemcol\"> <h2  class=\"numbers-numbertext\">Mehr als 29 Jahre<\/h2> <h3  class=\"numbers-titletext\">Erfahrung<\/h3> <\/div> <div  class=\"numbers-itemcol-last\"> <h2  class=\"numbers-numbertext\">Produkte<\/h2> <h3  class=\"numbers-titletext\">mit hohen Standarts<\/h3> <\/div> <\/div><\/div><div  data-label=\"Kontakt\" data-id=\"contact-2columns-section\" data-category=\"contact\" class=\"contact-2columns-section\" id=\"kontakt\" style=\"background-color: rgb(246, 246, 246);\"> <div  class=\"gridContainer dynamic-color\"> <div  class=\"contact-2columns-textrow\"> <div  class=\"contact-2columns-textcol\"> <h2 >Kontaktformular<\/h2> <p >F\u00fcr Fragen und Anregungen Ihrerseits stehen wir Ihnen gerne zur Verf\u00fcgung.<\/p> <\/div> <\/div> <div  class=\"contact-2columns-contentrow\"> <div  class=\"contact-2columns-formrow\"> <div  class=\"contact-2columns-formcol\" data-content-shortcode=\"one_page_express_contact_form shortcode=&quot;contact-form-7 id=&amp;amp;quot;95&amp;amp;quot; title=&amp;amp;quot;Kontaktformular&amp;amp;quot;&quot;\" data-editable=\"true\">\n<div class=\"wpcf7 no-js\" id=\"wpcf7-f95-o1\" lang=\"de-DE\" dir=\"ltr\" data-wpcf7-id=\"95\">\n<div class=\"screen-reader-response\"><p role=\"status\" aria-live=\"polite\" aria-atomic=\"true\"><\/p> <ul><\/ul><\/div>\n<form action=\"\/index.php\/wp-json\/wp\/v2\/pages\/11#wpcf7-f95-o1\" method=\"post\" class=\"wpcf7-form init\" aria-label=\"Kontaktformular\" novalidate=\"novalidate\" data-status=\"init\">\n<fieldset class=\"hidden-fields-container\"><input type=\"hidden\" name=\"_wpcf7\" value=\"95\" \/><input type=\"hidden\" name=\"_wpcf7_version\" value=\"6.1.5\" \/><input type=\"hidden\" name=\"_wpcf7_locale\" value=\"de_DE\" \/><input type=\"hidden\" name=\"_wpcf7_unit_tag\" value=\"wpcf7-f95-o1\" \/><input type=\"hidden\" name=\"_wpcf7_container_post\" value=\"0\" \/><input type=\"hidden\" name=\"_wpcf7_posted_data_hash\" value=\"\" \/>\n<\/fieldset>\n<p><label> Firmenname*<br \/>\n<span class=\"wpcf7-form-control-wrap\" data-name=\"your-name\"><input size=\"40\" maxlength=\"400\" class=\"wpcf7-form-control wpcf7-text wpcf7-validates-as-required\" aria-required=\"true\" aria-invalid=\"false\" value=\"\" type=\"text\" name=\"your-name\" \/><\/span> <\/label>\n<\/p>\n<p><label> Ansprechpartner*<br \/>\n<span class=\"wpcf7-form-control-wrap\" data-name=\"your-name\"><input size=\"40\" maxlength=\"400\" class=\"wpcf7-form-control wpcf7-text wpcf7-validates-as-required\" aria-required=\"true\" aria-invalid=\"false\" value=\"\" type=\"text\" name=\"your-name\" \/><\/span> <\/label>\n<\/p>\n<p><label> E-Mail-Adresse*<br \/>\n<span class=\"wpcf7-form-control-wrap\" data-name=\"your-email\"><input size=\"40\" maxlength=\"400\" class=\"wpcf7-form-control wpcf7-email wpcf7-validates-as-required wpcf7-text wpcf7-validates-as-email\" aria-required=\"true\" aria-invalid=\"false\" value=\"\" type=\"email\" name=\"your-email\" \/><\/span> <\/label>\n<\/p>\n<p><label> Rufnummer*<br \/>\n<span class=\"wpcf7-form-control-wrap\" data-name=\"tel-203\"><input size=\"40\" maxlength=\"400\" class=\"wpcf7-form-control wpcf7-tel wpcf7-validates-as-required wpcf7-text wpcf7-validates-as-tel\" aria-required=\"true\" aria-invalid=\"false\" value=\"\" type=\"tel\" name=\"tel-203\" \/><\/span><\/label>\n<\/p>\n<p><label> Betreff<br \/>\n<span class=\"wpcf7-form-control-wrap\" data-name=\"your-subject\"><input size=\"40\" maxlength=\"400\" class=\"wpcf7-form-control wpcf7-text\" aria-invalid=\"false\" value=\"\" type=\"text\" name=\"your-subject\" \/><\/span> <\/label>\n<\/p>\n<p><label> Deine Nachricht*<br \/>\n<span class=\"wpcf7-form-control-wrap\" data-name=\"your-message\"><textarea cols=\"40\" rows=\"10\" maxlength=\"2000\" class=\"wpcf7-form-control wpcf7-textarea wpcf7-validates-as-required\" aria-required=\"true\" aria-invalid=\"false\" name=\"your-message\"><\/textarea><\/span> <\/label>\n<\/p>\n<p>* Pflichtfelder\n<\/p>\n<p><span class=\"wpcf7-form-control-wrap\" data-name=\"acceptance-77\"><span class=\"wpcf7-form-control wpcf7-acceptance\"><span class=\"wpcf7-list-item\"><label><input type=\"checkbox\" name=\"acceptance-77\" value=\"1\" aria-invalid=\"false\" \/><span class=\"wpcf7-list-item-label\">Sie erkl\u00e4ren sich damit einverstanden, da\u00df Ihre Daten zur Bearbeitung Ihres Anliegens verwendet werden. Weitere Informationen und Wiederrufshinweise finden Sie in der <a href=\"https:\/\/bremthaler.com\/index.php\/datenschutzerklaerung\/\" target=\"_blank\">Datenschutzerkl\u00e4rung<\/a><\/span><\/label><\/span><\/span><\/span>\n<\/p>\n<p><input class=\"wpcf7-form-control wpcf7-submit has-spinner\" type=\"submit\" value=\"Senden\" \/>\n<\/p><div class=\"wpcf7-response-output\" aria-hidden=\"true\"><\/div>\n<\/form>\n<\/div>\n<\/div> <div  class=\"contact-2columns-contactcol\"> <h5 >Starten Sie jetzt mit uns Ihr neues Projekt.<\/h5> <p >Wir Produzieren individuell f\u00fcr Sie Spezialteile f\u00fcr \n<br >hydraulische Systeme &amp; technische Anlagen.<\/p> <h5 >Kontaktdaten:<\/h5> <div  class=\"contact-2columns-itemrow\"> <div  class=\"contact-2columns-iconcol\"> <i  class=\"font-icon-contact-form fa fa-map-marker\" data-cp-fa=\"true\"> <\/i> <\/div> <div  class=\"column_284\"> <p  class=\"contact-2columns-itemtextcol\">Im Lorsbachtal 47\n<br >65719 Hofheim am Taunus<br > <\/p> <\/div> <\/div> <div  class=\"contact-2columns-itemrow\"> <div  class=\"contact-2columns-iconcol\"> <i  class=\"font-icon-contact-form fa fa-phone\" data-cp-fa=\"true\"> <\/i> <\/div> <div  class=\"column_284\"> <p  class=\"contact-2columns-itemtextcol\">&nbsp; +49 6192 \/ 20 38 800<br > <\/p> <\/div> <\/div> <div  class=\"contact-2columns-itemrow\"> <div  class=\"contact-2columns-iconcol\"> <i  class=\"font-icon-contact-form fa fa-envelope-o\" data-cp-fa=\"true\"> <\/i> <\/div> <div  class=\"column_284\"> <p  class=\"contact-2columns-itemtextcol\"> info@bremthaler.com <br > <\/p> <\/div> <\/div> <div  class=\"contact-2columns-itemrow\"> <div  class=\"contact-2columns-iconcol\"> <i  class=\"font-icon-contact-form fa fa-fax color6\" data-cp-fa=\"true\" data-reiki-hidden=\"true\"> <\/i> <\/div> <div  class=\"column_284\"> <p  class=\"contact-2columns-itemtextcol\"><br > <\/p> <\/div> <\/div> <\/div> <\/div> <\/div> <\/div> <\/div>","protected":false},"excerpt":{"rendered":"<p>Herstellung F\u00fchrungsringe und Buchsen werden aus einem speziell entwickelten duroplastischem Verbundwerkstoff aus Hartgewebe-Phenolharz und Polyestergewebe mit Epoxidharz hergestellt. Vertrieb Da wir selber die Produkte herstellen, bieten wir Ihnen unsere Produkte zu kosteng\u00fcnstigen Konditionen an. &nbsp;Zertifikat ISO 9001:2015 Wir haben f\u00fcr unsere Herstellung und f\u00fcr den Vertrieb die Zertifizierung nach ISO 9001:2015 Kundenservice Wir sind f\u00fcr&hellip; <br \/> <a class=\"button small blue\" href=\"https:\/\/bremthaler.com\/\">Weiterlesen<\/a><\/p>\n","protected":false},"author":1,"featured_media":0,"parent":0,"menu_order":0,"comment_status":"closed","ping_status":"closed","template":"","meta":{"footnotes":""},"class_list":["post-11","page","type-page","status-publish","hentry"],"yoast_head":"<!-- This site is optimized with the Yoast SEO plugin v27.4 - https:\/\/yoast.com\/product\/yoast-seo-wordpress\/ -->\n<title>Bremthaler Hydraulik Team GmbH - Bremthaler Hydraulik Team GmbH<\/title>\n<meta name=\"description\" content=\"Ihr Partner f\u00fcr F\u00fchrungsringe, Lagerbuchsen und Sonderanfertigungen aus duroplastischem Phenolharz-Baumwollgewebe.\" \/>\n<meta name=\"robots\" content=\"index, follow, max-snippet:-1, max-image-preview:large, max-video-preview:-1\" \/>\n<link rel=\"canonical\" href=\"https:\/\/bremthaler.com\/\" \/>\n<meta property=\"og:locale\" content=\"de_DE\" \/>\n<meta property=\"og:type\" content=\"article\" \/>\n<meta property=\"og:title\" content=\"Bremthaler Hydraulik Team GmbH - Bremthaler Hydraulik Team GmbH\" \/>\n<meta property=\"og:description\" content=\"Ihr Partner f\u00fcr F\u00fchrungsringe, Lagerbuchsen und Sonderanfertigungen aus duroplastischem Phenolharz-Baumwollgewebe.\" \/>\n<meta property=\"og:url\" content=\"https:\/\/bremthaler.com\/\" \/>\n<meta property=\"og:site_name\" content=\"Bremthaler Hydraulik Team GmbH\" \/>\n<meta property=\"article:modified_time\" content=\"2026-03-20T15:58:00+00:00\" \/>\n<meta name=\"twitter:card\" content=\"summary_large_image\" \/>\n<meta name=\"twitter:label1\" content=\"Gesch\u00e4tzte Lesezeit\" \/>\n\t<meta name=\"twitter:data1\" content=\"2\u00a0Minuten\" \/>\n<script type=\"application\/ld+json\" class=\"yoast-schema-graph\">{\"@context\":\"https:\\\/\\\/schema.org\",\"@graph\":[{\"@type\":\"WebPage\",\"@id\":\"https:\\\/\\\/bremthaler.com\\\/\",\"url\":\"https:\\\/\\\/bremthaler.com\\\/\",\"name\":\"Bremthaler Hydraulik Team GmbH - Bremthaler Hydraulik Team GmbH\",\"isPartOf\":{\"@id\":\"https:\\\/\\\/bremthaler.com\\\/#website\"},\"datePublished\":\"2019-02-12T10:30:03+00:00\",\"dateModified\":\"2026-03-20T15:58:00+00:00\",\"description\":\"Ihr Partner f\u00fcr F\u00fchrungsringe, Lagerbuchsen und Sonderanfertigungen aus duroplastischem Phenolharz-Baumwollgewebe.\",\"breadcrumb\":{\"@id\":\"https:\\\/\\\/bremthaler.com\\\/#breadcrumb\"},\"inLanguage\":\"de\",\"potentialAction\":[{\"@type\":\"ReadAction\",\"target\":[\"https:\\\/\\\/bremthaler.com\\\/\"]}]},{\"@type\":\"BreadcrumbList\",\"@id\":\"https:\\\/\\\/bremthaler.com\\\/#breadcrumb\",\"itemListElement\":[{\"@type\":\"ListItem\",\"position\":1,\"name\":\"Startseite\",\"item\":\"https:\\\/\\\/bremthaler.com\\\/\"},{\"@type\":\"ListItem\",\"position\":2,\"name\":\"Bremthaler Hydraulik Team GmbH\"}]},{\"@type\":\"WebSite\",\"@id\":\"https:\\\/\\\/bremthaler.com\\\/#website\",\"url\":\"https:\\\/\\\/bremthaler.com\\\/\",\"name\":\"Bremthaler Hydraulik Team GmbH\",\"description\":\"Ihr Partner f\u00fcr F\u00fchrungsringe, Lagerbuchsen und Sonderanfertigungen!\",\"publisher\":{\"@id\":\"https:\\\/\\\/bremthaler.com\\\/#organization\"},\"potentialAction\":[{\"@type\":\"SearchAction\",\"target\":{\"@type\":\"EntryPoint\",\"urlTemplate\":\"https:\\\/\\\/bremthaler.com\\\/?s={search_term_string}\"},\"query-input\":{\"@type\":\"PropertyValueSpecification\",\"valueRequired\":true,\"valueName\":\"search_term_string\"}}],\"inLanguage\":\"de\"},{\"@type\":\"Organization\",\"@id\":\"https:\\\/\\\/bremthaler.com\\\/#organization\",\"name\":\"Bremthaler Hydraulik Team GmbH\",\"url\":\"https:\\\/\\\/bremthaler.com\\\/\",\"logo\":{\"@type\":\"ImageObject\",\"inLanguage\":\"de\",\"@id\":\"https:\\\/\\\/bremthaler.com\\\/#\\\/schema\\\/logo\\\/image\\\/\",\"url\":\"https:\\\/\\\/bremthaler.com\\\/wp-content\\\/uploads\\\/2019\\\/06\\\/logo_free_final.png\",\"contentUrl\":\"https:\\\/\\\/bremthaler.com\\\/wp-content\\\/uploads\\\/2019\\\/06\\\/logo_free_final.png\",\"width\":9201,\"height\":4012,\"caption\":\"Bremthaler Hydraulik Team GmbH\"},\"image\":{\"@id\":\"https:\\\/\\\/bremthaler.com\\\/#\\\/schema\\\/logo\\\/image\\\/\"}}]}<\/script>\n<!-- \/ Yoast SEO plugin. -->","yoast_head_json":{"title":"Bremthaler Hydraulik Team GmbH - Bremthaler Hydraulik Team GmbH","description":"Ihr Partner f\u00fcr F\u00fchrungsringe, Lagerbuchsen und Sonderanfertigungen aus duroplastischem Phenolharz-Baumwollgewebe.","robots":{"index":"index","follow":"follow","max-snippet":"max-snippet:-1","max-image-preview":"max-image-preview:large","max-video-preview":"max-video-preview:-1"},"canonical":"https:\/\/bremthaler.com\/","og_locale":"de_DE","og_type":"article","og_title":"Bremthaler Hydraulik Team GmbH - Bremthaler Hydraulik Team GmbH","og_description":"Ihr Partner f\u00fcr F\u00fchrungsringe, Lagerbuchsen und Sonderanfertigungen aus duroplastischem Phenolharz-Baumwollgewebe.","og_url":"https:\/\/bremthaler.com\/","og_site_name":"Bremthaler Hydraulik Team GmbH","article_modified_time":"2026-03-20T15:58:00+00:00","twitter_card":"summary_large_image","twitter_misc":{"Gesch\u00e4tzte Lesezeit":"2\u00a0Minuten"},"schema":{"@context":"https:\/\/schema.org","@graph":[{"@type":"WebPage","@id":"https:\/\/bremthaler.com\/","url":"https:\/\/bremthaler.com\/","name":"Bremthaler Hydraulik Team GmbH - Bremthaler Hydraulik Team GmbH","isPartOf":{"@id":"https:\/\/bremthaler.com\/#website"},"datePublished":"2019-02-12T10:30:03+00:00","dateModified":"2026-03-20T15:58:00+00:00","description":"Ihr Partner f\u00fcr F\u00fchrungsringe, Lagerbuchsen und Sonderanfertigungen aus duroplastischem Phenolharz-Baumwollgewebe.","breadcrumb":{"@id":"https:\/\/bremthaler.com\/#breadcrumb"},"inLanguage":"de","potentialAction":[{"@type":"ReadAction","target":["https:\/\/bremthaler.com\/"]}]},{"@type":"BreadcrumbList","@id":"https:\/\/bremthaler.com\/#breadcrumb","itemListElement":[{"@type":"ListItem","position":1,"name":"Startseite","item":"https:\/\/bremthaler.com\/"},{"@type":"ListItem","position":2,"name":"Bremthaler Hydraulik Team GmbH"}]},{"@type":"WebSite","@id":"https:\/\/bremthaler.com\/#website","url":"https:\/\/bremthaler.com\/","name":"Bremthaler Hydraulik Team GmbH","description":"Ihr Partner f\u00fcr F\u00fchrungsringe, Lagerbuchsen und Sonderanfertigungen!","publisher":{"@id":"https:\/\/bremthaler.com\/#organization"},"potentialAction":[{"@type":"SearchAction","target":{"@type":"EntryPoint","urlTemplate":"https:\/\/bremthaler.com\/?s={search_term_string}"},"query-input":{"@type":"PropertyValueSpecification","valueRequired":true,"valueName":"search_term_string"}}],"inLanguage":"de"},{"@type":"Organization","@id":"https:\/\/bremthaler.com\/#organization","name":"Bremthaler Hydraulik Team GmbH","url":"https:\/\/bremthaler.com\/","logo":{"@type":"ImageObject","inLanguage":"de","@id":"https:\/\/bremthaler.com\/#\/schema\/logo\/image\/","url":"https:\/\/bremthaler.com\/wp-content\/uploads\/2019\/06\/logo_free_final.png","contentUrl":"https:\/\/bremthaler.com\/wp-content\/uploads\/2019\/06\/logo_free_final.png","width":9201,"height":4012,"caption":"Bremthaler Hydraulik Team GmbH"},"image":{"@id":"https:\/\/bremthaler.com\/#\/schema\/logo\/image\/"}}]}},"_links":{"self":[{"href":"https:\/\/bremthaler.com\/index.php\/wp-json\/wp\/v2\/pages\/11","targetHints":{"allow":["GET"]}}],"collection":[{"href":"https:\/\/bremthaler.com\/index.php\/wp-json\/wp\/v2\/pages"}],"about":[{"href":"https:\/\/bremthaler.com\/index.php\/wp-json\/wp\/v2\/types\/page"}],"author":[{"embeddable":true,"href":"https:\/\/bremthaler.com\/index.php\/wp-json\/wp\/v2\/users\/1"}],"replies":[{"embeddable":true,"href":"https:\/\/bremthaler.com\/index.php\/wp-json\/wp\/v2\/comments?post=11"}],"version-history":[{"count":51,"href":"https:\/\/bremthaler.com\/index.php\/wp-json\/wp\/v2\/pages\/11\/revisions"}],"predecessor-version":[{"id":233,"href":"https:\/\/bremthaler.com\/index.php\/wp-json\/wp\/v2\/pages\/11\/revisions\/233"}],"wp:attachment":[{"href":"https:\/\/bremthaler.com\/index.php\/wp-json\/wp\/v2\/media?parent=11"}],"curies":[{"name":"wp","href":"https:\/\/api.w.org\/{rel}","templated":true}]}}